
75
Calculate the highest common factor of 275 and 175.
25
What is the highest common factor of 9499 and 322?
161
What is the greatest common divisor of 2 and 38?
2
Calculate the greatest common divisor of 570 and 8.
2
Calculate the highest common divisor of 17801 and 7.
7
Calculate the greatest common factor of 10 and 160.
10
What is the highest common divisor of 71 and 639?
71
Calculate the highest common factor of 442 and 39.
13
Calculate the greatest common factor of 5 and 1805.
5
Calculate the highest common factor of 15794 and 212.
106
Calculate the greatest common divisor of 820 and 20.
20
What is the highest common factor of 675 and 17685?
135
What is the highest common divisor of 40 and 15?
5
Calculate the highest common divisor of 148 and 666.
74
Calculate the greatest common factor of 156 and 252.
12
What is the highest common factor of 162 and 138?
6
What is the highest common divisor of 2 and 538?
2
Calculate the greatest common divisor of 6 and 2667.
3
What is the highest common divisor of 25 and 200?
25
What is the highest common divisor of 1250 and 2?
2
Calculate the greatest common divisor of 15 and 635.
5
What is the highest common factor of 1394 and 51?
17
Calculate the greatest common divisor of 95 and 304.
19
Calculate the highest common divisor of 6 and 267.
3
Calculate the greatest common divisor of 132 and 84.
12
What is the highest common divisor of 45 and 36?
9
What is the highest common factor of 10884 and 12?
12
What is the greatest common factor of 77 and 737?
11
What is the highest common factor of 12 and 6612?
12
Calculate the highest common divisor of 580 and 120.
20
Calculate the greatest common divisor of 711 and 158.
79
What is the highest common divisor of 940 and 55?
5
Calculate the greatest common factor of 1196 and 1656.
92
What is the greatest common factor of 11 and 737?
11
Calculate the highest common divisor of 81 and 189.
27
What is the highest common factor of 2310 and 28?
14
What is the greatest common divisor of 600 and 975?
75
What is the highest common divisor of 1078 and 3920?
98
What is the greatest common factor of 10 and 36740?
10
Calculate the greatest common divisor of 4120 and 20.
20
Calculate the highest common divisor of 22 and 32461.
11
Calculate the highest common divisor of 14873 and 107.
107
What is the greatest common factor of 130 and 325?
65
Calculate the highest common factor of 33779 and 17.
17
Calculate the greatest common divisor of 88 and 512.
8
What is the greatest common divisor of 27876 and 23?
23
What is the highest common divisor of 608 and 2204?
76
Calculate the highest common factor of 638 and 3509.
319
Calculate the highest common factor of 3375 and 3150.
225
What is the greatest common divisor of 15 and 177?
3
What is the highest common factor of 120 and 12?
12
What is the highest common factor of 48 and 1374?
6
What is the highest common divisor of 7 and 98?
7
Calculate the highest common factor of 112 and 2368.
16
Calculate the highest common factor of 61 and 7442.
61
What is the greatest common divisor of 4188 and 24?
12
What is the greatest common divisor of 1243 and 11?
11
Calculate the highest common divisor of 4525 and 724.
181
Calculate the highest common divisor of 7 and 2.
1
Calculate the highest common factor of 11 and 178.
1
Calculate the highest common factor of 36 and 1872.
36
Calculate the highest common factor of 657 and 9.
9
Calculate the highest common factor of 568 and 5822.
142
Calculate the highest common divisor of 1415 and 10.
5
Calculate the highest common factor of 121 and 4114.
121
Calculate the highest common divisor of 954 and 54.
18
What is the greatest common factor of 12 and 2172?
12
Calculate the greatest common divisor of 72 and 162.
18
What is the greatest common divisor of 59938 and 46?
46
Calculate the greatest common factor of 90 and 144.
18
Calculate the highest common divisor of 7137 and 18.
9
What is the greatest common factor of 4 and 932?
4
Calculate the greatest common divisor of 155 and 5239.
31
What is the highest common divisor of 45 and 480?
15
What is the greatest common factor of 1309 and 231?
77
What is the highest common factor of 865 and 6228?
173
What is the highest common divisor of 54 and 126?
18
What is the highest common factor of 292 and 219?
73
What is the greatest common factor of 11 and 154?
11
Calculate the highest common divisor of 288 and 108.
36
What is the highest common divisor of 7 and 3514?
7
What is the greatest common divisor of 40 and 1952?
8
What is the greatest common divisor of 1603 and 28?
7
Calculate the highest common divisor of 104 and 152.
8
What is the greatest common divisor of 33636 and 36?
12
Calculate the highest common factor of 91 and 2392.
13
Calculate the highest common factor of 147 and 3.
3
Calculate the greatest common factor of 14 and 63.
7
What is the greatest common divisor of 152 and 494?
38
Calculate the greatest common divisor of 189 and 54.
27
What is the highest common factor of 6 and 78?
6
What is the highest common factor of 4860 and 720?
180
What is the greatest common divisor of 680 and 60?
20
What is the greatest common divisor of 342 and 63?
9
Calculate the greatest common divisor of 162 and 1863.
81
What is the greatest common factor of 1452 and 6?
6
Calculate the highest common divisor of 92 and 12.
4
Calculate the greatest common factor of 11 and 3091.
11
What is the greatest common factor of 130 and 23270?
130
What is the highest common divisor of 4112 and 32?
16
What is the greatest common factor of 67 and 37252?
67
Calculate the highest common divisor of 3398 and 2.
2
What is the greatest common divisor of 5745 and 30?
15
What is the highest common divisor of 19740 and 21?
21
Calculate the greatest common factor of 27 and 54.
27
Calculate the greatest common divisor of 56 and 856.
8
Calculate the highest common divisor of 72 and 32472.
72
Calculate the highest common divisor of 120 and 102360.
120
Calculate the greatest common factor of 30 and 4530.
30
What is the greatest common factor of 9 and 63?
9
What is the highest common divisor of 20 and 1745?
5
What is the highest common divisor of 12599 and 586?
293
Calculate the highest common factor of 63 and 36.
9
Calculate the highest common factor of 513 and 19.
19
Calculate the greatest common factor of 8 and 26.
2
Calculate the greatest common factor of 1166 and 66.
22
What is the greatest common divisor of 1055 and 45?
5
Calculate the highest common divisor of 48 and 80.
16
Calculate the greatest common factor of 10 and 30.
10
What is the greatest common factor of 3458 and 76?
38
Calculate the greatest common factor of 52 and 404.
4
What is the highest common factor of 34232 and 176?
88
What is the greatest common divisor of 358 and 2?
2
What is the highest common factor of 685 and 9179?
137
Calculate the highest common factor of 118 and 1475.
59
What is the highest common factor of 19803 and 41?
41
What is the greatest common factor of 15 and 1?
1
What is the greatest common factor of 36 and 486?
18
Calculate the highest common divisor of 39 and 897.
39
What is the highest common factor of 42 and 525?
21
Calculate the greatest common divisor of 225 and 9.
9
What is the highest common factor of 85 and 15?
5
What is the greatest common divisor of 144 and 99?
9
Calculate the highest common divisor of 4401 and 163.
163
What is the highest common factor of 1133 and 2472?
103
Calculate the highest common divisor of 200 and 150.
50
What is the greatest common divisor of 30 and 60?
30
Calculate the greatest common factor of 3456 and 54.
54
What is the greatest common divisor of 22 and 1243?
11
What is the greatest common divisor of 44 and 1078?
22
What is the greatest common divisor of 2016 and 693?
63
What is the greatest common divisor of 2198 and 301?
7
What is the greatest common factor of 981 and 27?
9
Calculate the highest common factor of 357 and 952.
119
What is the greatest common divisor of 1 and 7?
1
Calculate the highest common divisor of 30 and 4515.
15
Calculate the greatest common divisor of 4844 and 42.
14
What is the highest common divisor of 130 and 5382?
26
Calculate the greatest common divisor of 2320 and 1280.
80
What is the greatest common factor of 126 and 994?
14
What is the greatest